 = 3*b. Suppose -2*i + 62 + 0 = b. Is i a prime number?
True
Let a = 202 + -93. Is a composite?
False
Let m = 0 - 0. Let o(w) = 45 + 82 + 0*w + 2*w - w. Is o(m) composite?
False
Let z be -2 + -1*8*1. Let k(j) = -12*j - 3*j - 5 + 14. Is k(z) composite?
True
Suppose 2*q - 5*q = -267. Suppose n + q = 514. Suppose 2*j - 7*j = -n. Is j a prime number?
False
Let a(r) = -9*r - 1. Let b(g) = 8*g + 1. Let x(m) = 6*a(m) + 7*b(m). Is x(9) a prime number?
True
Suppose -2*q - 2 = -0. Let f be (q/(-2))/((-1)/(-48)). Let n = 59 - f. Is n prime?
False
Suppose 4*a - 1 + 5 = 0. Let g(u) = -51*u. Is g(a) composite?
True
Is (49507/93)/(1/3) composite?
False
Let k(x) = -10*x**3 + 4*x**2 + 3*x + 4. Let h be -2 - 7/((-14)/(-20)). Let c be ((-6)/(-8))/(3/h). Is k(c) a prime number?
False
Let a = -38 - -4. Let d = a + 56. Is d a prime number?
False
Let k = -226 + 971. Let i = k + -522. Is i prime?
True
Suppose c = -4*c + 315. Let b = c + 19. Suppose -z + 79 = -5*o, -4*z + 234 + b = 4*o. Is z prime?
True
Let f = -115 + 278. Is f composite?
False
Let l = -16 + 104. Let x = 141 - l. Is x a prime number?
True
Let w = 85 + -27. Let m = -21 + w. Is m a composite number?
False
Suppose 203 = -2*s + 3*s + 2*g, -400 = -2*s - g. Is s a composite number?
False
Let h(c) = 84*c + 11. Is h(9) a prime number?
False
Let f(h) = 5*h. Let w be f(1). Suppose 5*q - 5*z = 5, 0 = 3*q - w*z - 1 - 4. Suppose -190 = -q*i - 5*i. Is i a composite number?
True
Let i = -156 - -251. Suppose 3*h - 82 = i. Is h composite?
False
Suppose -m + 6*z - 8 = 2*z, -4*z = 5*m + 40. Let d be 2/(-3)*444/m. Suppose -2*f = -y + d, -4*y - 3*f - f = -124. Is y a prime number?
False
Let u(m) = m**2 + 8*m - 14. Is u(-11) prime?
True
Let v be 6*((-71)/(-3) - 3). Suppose 3*f - 2*n = 3*n + 376, 3*n = f - v. Is f prime?
True
Let n = -4 + -1. Let z = 26 + n. Is z a prime number?
False
Suppose 5 = 5*w, -4*p = -2*p + 2*w - 6. Suppose -2*h - p*h = -o - 9, h = -4*o - 121. Let z = 82 + o. Is z a prime number?
True
Is -14*((-522)/(-4))/(-9) composite?
True
Suppose -2*h = 3*l - 22, -3*h - 9 = 4*l - 39. Suppose 4*p - 4*o + 4 = 0, -p - 3*o = -2*o + 3. Let c = p + l. Is c a composite number?
True
Let v(c) be the second derivative of c + 1/2*c**2 + 1/6*c**4 - 11/5*c**5 + 1/2*c**3 + 0. Is v(-2) prime?
False
Let v(n) be the second derivative of n**4/2 - 5*n**3/6 + 5*n**2/2 - n. Is v(6) a prime number?
True
Let g be ((-16)/(-4))/((-6)/(-3)). Let m(x) = 5*x - x**2 + 2*x**2 - 6*x**2 - 2*x**g + x**3. Is m(7) a composite number?
True
Let g(j) = j - 18. Let l be g(10). Let t(n) = 5*n**2 + 11*n + 1. Is t(l) a prime number?
True
Let g be (-1 + 1)/(-3 + 4). Let x(l) = -l**2 + 131. Is x(g) a composite number?
False
Let u = -37 - -21. Let a = -26 - u. Is (-1)/2 - 225/a a composite number?
True
Let t = 4 + -1. Suppose o - 7 = -3. Suppose -2*u = -t*s - o, 0 = 2*s - 3*u + 6 + 5. Is s a prime number?
True
Suppose -43*b = -48*b - 45. Suppose 0 = t - 2*t + 28. Let p = b + t. Is p composite?
False
Let a(j) = -j**2 + j + 1. Let q(s) = 2*s**2 - 7*s + 2. Let u(v) = -3*a(v) - q(v). Let f be u(-6). Suppose 0 = -5*w + f*w - 74. Is w a prime number?
True
Suppose -2*a - 4*a + 348 = 0. Is a composite?
True
Let g be (-6)/(-33) - (-867)/11. Let v = -48 + g. Is v prime?
True
Let c = 165 + -395. Let g = -115 - c. Is g a composite number?
True
Let p(u) = -4*u**2 + 4*u**2 + 20*u**3 - 3*u + 2*u**2 + 1 + 0. Is p(2) a composite number?
False
Suppose 4*f - 9769 = 5*p, 5*f - 5*p - 16223 + 4013 = 0. Is f composite?
False
Suppose -4*i + 5*c + 1430 = i, -2*c = 3*i - 883. Is i prime?
False
Let b be (-12 + -3)*2/(-6). Suppose b*x + 3*t - 3 = 4*x, 3*x + t = 1. Suppose -2*u - 4*q = -190, -4*u + 3*q + 543 - 185 = x. Is u a composite number?
True
Let v = 13665 + -2458. Is v a prime number?
False
Is (-3)/1*6842/(-6) a composite number?
True
Suppose -3*t + 6*t = 6. Suppose 0 = i - 4, -5*k + 5*i + 118 = -297. Let u = k - t. Is u a composite number?
True
Suppose -5*m = -5*n + 5627 + 283, 3*m - 3516 = -3*n. Is n a prime number?
False
Suppose -z - 24 = -3*z. Let g = z + -6. Suppose g*d = 3*d + 45. Is d a prime number?
False
Suppose m = 38 + 25. Let y = 24 + m. Is y composite?
True
Let a(u) = 104*u - 75. Is a(13) composite?
False
Suppose -36*a + 38*a - 2326 = 0. Is a a prime number?
True
Let k be 18/(-99) - 57/(-11). Let b = k + 48. Is b composite?
False
Let v(b) = b**2 + 8*b + 2. Let z be v(-10). Let a = 36 - z. Is a a prime number?
False
Let f(t) be the third derivative of t**7/840 - t**6/120 + t**5/60 - t**4/6 - t**3/3 - t**2. Let n(x) be the first derivative of f(x). Is n(3) prime?
True
Let h(a) = -12*a + 7. Let k be h(-7). Let g = k + -24. Is g a composite number?
False
Suppose 4*l - 1975 + 203 = 0. Is l a composite number?
False
Suppose n = 4*n. Suppose 4*z + v = -n*z + 444, 4*v + 333 = 3*z. Suppose -3*m + 492 = z. Is m composite?
False
Let u = -842 + 1575. Is u prime?
True
Suppose 0 = -2*u - 2*d + 1222, 1703 = 5*u + d - 1344. Let i = -386 + u. Is i a prime number?
True
Let v be 3 - (-57)/6*4. Let a = v - -44. Is a a prime number?
False
Let d(x) = -17*x - 5. Is d(-3) a composite number?
True
Let o = -361 + 750. Is o a composite number?
False
Is 7026/18 + (-6)/(-9) a composite number?
True
Suppose 4*z - 8 = 0, 5*d - 10 - 19 = -2*z. Let n(r) = 2*r + d*r - 2*r. Is n(3) a prime number?
False
Suppose 4*j = 2*v + v + 8, 5*v - 10 = -5*j. Suppose -b + 519 = j*w, 3*b + 0*b + 1292 = 5*w. Is w a prime number?
False
Let h be -1 + 1 + 222/(-3). Let l = h - -111. Is l prime?
True
Is 1 - (4 + -2 - 315) composite?
True
Suppose 3*k - 2*l = l + 1434, 4*k - l = 1915. Is k prime?
True
Suppose -6*n = -n - 1540. Suppose 0 = q + 3*q - n. Is q a composite number?
True
Let t(b) = -b**3 + 5*b**2 - 4*b - 1. Let q be t(3). Suppose -a + q*a = 2*i - 12, -i = 3*a - 1. Is i composite?
True
Suppose 3*p = -2 - 1, 0 = -4*w + 3*p - 1549. Let n = w + 543. Let g = n - 100. Is g a composite number?
True
Suppose 5*x + 10 = 0, z + 2*x - 6*x = 268. Let v = z + -163. Is v a prime number?
True
Let o = 1175 - 780. Is o a composite number?
True
Let i(o) = -2*o**3 - o**2 - o - 3. Let v(d) = 5*d**3 + 4*d**2 + 4*d + 9. Let w(z) = -8*i(z) - 3*v(z). Is w(5) prime?
True
Let w = -11 - -13. Let b(m) = -16*m + 3. Let g(n) = -33*n + 6. Let x(r) = 7*b(r) - 4*g(r). Is x(w) prime?
True
Suppose 2*l - 908 = 4*o, -2*o = l + 3*o - 475. Suppose 5*q - l = q. Is q a composite number?
True
Let p be 6/(-9) + (-83)/(-3). Let k be p/5 - 6/15. Suppose 0 = -k*g - 15, 2*g + 37 = i - 0*i. Is i composite?
False
Let s = -11 - -21. Let q = s + 79. Is q a prime number?
True
Suppose 174 = -x - 2*x. Let l = 284 - 173. Let b = l + x. Is b prime?
True
Let d = 15856 - 1271. Is d a prime number?
False
Suppose -x = -0 - 3. Suppose -5*l = -x*l. Suppose -5*w = 3*u - 50, 3*w = -l + 3. Is u composite?
True
Let u(r) = -74*r**2 + r + 1. Let q be u(-2). Suppose 3*p + 4*x - 2524 = -p, 0 = -3*p + 4*x + 1872. Let l = p + q. Is l a composite number?
False
Suppose 0 = -8*n + 3*n - 5*u + 405, n + 2*u - 78 = 0. Suppose -4*w + z = 5*z - n, -3*w + 79 = -5*z. Is w prime?
True
Is (5 - 6)/(2/1402*-1) prime?
True
Suppose -20*s + 921 = -19*s. Is s a prime number?
False
Let j be ((-1)/(-5))/((-3)/(-15)). Suppose -2*i + j = -5. Suppose -g = i*g - 1036. Is g prime?
False
Suppose -d = 5*z - 595, 476 = -0*z + 4*z + d. Is z prime?
False
Is 5/((-20)/12)*-47 a prime number?
False
Let o(w) = w**2 + 9*w - 3. Let y be o(6). Let s be 1/((-2 - -5)/y). Suppose -3*i + 82 = -s. Is i composite?
False
Suppose -327 - 342 = -3*x. Is x a composite number?
False
Let a be ((-2)/6)/((-4)/24). Suppose -2*u = 2, -4*u - 117 = -a*s + s. Is s prime?
True
Suppose 4*q + 144 = 596. Is q a composite number?
False
Is 148/(-8)*(-2 + 0) prime?
True
Suppose -d - 4*o = -463, 2*d - 5*d + 5*o + 1457 = 0. Is d composite?
False
Is -1*(-2)/2 + 480 prime?
False
Suppose 4*m + m = 5215. Is m a composite number?
True
Let s(i) = -i**3 - 2*i**2 - i - 3. Let h be 2/4 - 2/4. Suppose h*r = -r - 5. Is s(r) a composite number?
True
Let t(w) = -205*w + 2. Let g(j) = -3*j**3 - 2*j**2 + 1. Let a be g(1). Let b be t(a). Suppose 5*q + 7 + 3 = 0, 0 = 2*v + 2*q - b. Is v a prime number?
False
Let g(w) = w - 4. Let u be g(3). Let r be 0/u*3/6. Suppose r = -3*h + h + 266. Is h a composite number?
True
Let d(r) = -7*r - 3. Is d(-2) prime?
True
L